{"id":80,"date":"2012-02-03T14:56:41","date_gmt":"2012-02-03T14:56:41","guid":{"rendered":"http:\/\/www.muzikohl.fr\/Actu_Cie\/?page_id=80"},"modified":"2022-10-26T13:27:15","modified_gmt":"2022-10-26T13:27:15","slug":"les-zharengueur","status":"publish","type":"page","link":"http:\/\/www.muzikohl.fr\/Actu_Cie\/les-zharengueur\/","title":{"rendered":"DE LA MER A LA MINE"},"content":{"rendered":"<p style=\"text-align: center;\"><strong>\u00ab DE LA MER A LA MINE\u00bb<\/strong><\/p>\n<p><a href=\"http:\/\/www.muzikohl.fr\/Actu_Cie\/wp-content\/uploads\/2019\/04\/DE-LA-MER-A-LA-MINE-13.jpg\" title=\"\" rel=\"lightbox80\"><img loading=\"lazy\" decoding=\"async\" class=\"aligncenter size-full wp-image-1147\" src=\"http:\/\/www.muzikohl.fr\/Actu_Cie\/wp-content\/uploads\/2019\/04\/DE-LA-MER-A-LA-MINE-13.jpg\" alt=\"\" width=\"252\" height=\"226\"><\/a><\/p>\n<p>Con\u00e7u comme un voyage initiatique de la COTE D\u2019OPALE aux terrils du PAS-DE-CALAIS, nos deux \u00e9nergum\u00e8nes racontent la R\u00e9gion en chanson et vous proposent le portrait des chanteurs qui l\u2019ont o\u00f9 la font briller.<\/p>\n<p>Chansons de marins, chansons carnavalesques, chansons des Flandres, chansons patoisantes ou chansons du bassin minier, autant de chansons que de portraits de ceux qui les ont port\u00e9es&nbsp;: RAOUL DE GODEWARSVELDE, JACQUES YVART, LES PROUT, WILLIAM SCHOTTE, RONNY COUTTEURE, DESROUSSEAUX, EDMOND TANIERE, SIMON COLLIEZ, PIERRE BACHELET, MARCEL ET SON ORCHESTRE, LES CAPENOULES\u2026<\/p>\n<p>L\u2019occasion de d\u00e9couvrir ou de red\u00e9couvrir le patrimoine chansonnesque de notre R\u00e9gion, ses chansons, ses chanteurs, ses patois tout au long de ce r\u00e9cital.<\/p>\n<p>Mais comme on se sent moins seul quand on est accompagn\u00e9, nos deux comp\u00e8res proposent de partager la sc\u00e8ne avec une harmonie ou une chorale existante ou constitu\u00e9e pour l\u2019occasion comme ce fut le cas pour la premi\u00e8re repr\u00e9sentation \u00e0 WINGLES en mars 2019<\/p>\n<p><strong>DELA MER A LA MINE a \u00e9t\u00e9 &nbsp;pr\u00e9sent\u00e9 \u00e0 GRENAY accompagn\u00e9 d&rsquo;une chorale et de l&rsquo;harmonie municipale de GRENAY \u00e0 L&rsquo;ESPACE CULTUREL RONNY&nbsp;COUTEURE &nbsp;en mars 2022<\/strong><\/p>\n<p><strong><u>DISTRIBUTION<\/u><\/strong><\/p>\n<p><strong>BERNARD DEBREYNE au chant et \u00e0 la Mise en sc\u00e8ne<\/strong><\/p>\n<p><strong>REGIS BERTEIN au chant, au piano, \u00e0 la Mise en choeur et Mise en harmonie &nbsp; &nbsp; &nbsp; &nbsp; &nbsp; &nbsp; &nbsp; &nbsp; &nbsp; &nbsp; &nbsp; &nbsp; &nbsp; &nbsp; &nbsp; &nbsp; &nbsp; &nbsp; &nbsp; &nbsp; &nbsp; &nbsp; &nbsp; &nbsp; &nbsp; &nbsp; &nbsp; &nbsp; &nbsp; &nbsp; &nbsp; &nbsp; &nbsp; &nbsp; &nbsp; &nbsp;<\/strong><\/p>\n<p>&nbsp;<\/p>\n\n\n<p><strong>DE LA MER A LA MINE <\/strong>  a  \u00e9t\u00e9 pr\u00e9sent\u00e9 dans sa petite forme  :  <\/p>\n\n\n\n<p><strong>A L&rsquo;ESTAMINET-MEDIATHEQUE DE GRENAY- F\u00caTE DU LIVRE <\/strong><\/p>\n\n\n\n<p><strong> EN PLEIN AIR-F\u00caTES DU PATRIMOINE DE MAZINGARBE<\/strong><\/p>\n\n\n\n<figure class=\"wp-block-image size-large\"><img loading=\"lazy\" decoding=\"async\" width=\"987\" height=\"1024\" src=\"http:\/\/www.muzikohl.fr\/Actu_Cie\/wp-content\/uploads\/2020\/11\/DE-LA-MER-A-LA-MINE-MAZINGARBE-987x1024.jpg\" alt=\"\" class=\"wp-image-1366\" srcset=\"http:\/\/www.muzikohl.fr\/Actu_Cie\/wp-content\/uploads\/2020\/11\/DE-LA-MER-A-LA-MINE-MAZINGARBE-987x1024.jpg 987w, http:\/\/www.muzikohl.fr\/Actu_Cie\/wp-content\/uploads\/2020\/11\/DE-LA-MER-A-LA-MINE-MAZINGARBE-289x300.jpg 289w, http:\/\/www.muzikohl.fr\/Actu_Cie\/wp-content\/uploads\/2020\/11\/DE-LA-MER-A-LA-MINE-MAZINGARBE-768x797.jpg 768w, http:\/\/www.muzikohl.fr\/Actu_Cie\/wp-content\/uploads\/2020\/11\/DE-LA-MER-A-LA-MINE-MAZINGARBE-1480x1536.jpg 1480w, http:\/\/www.muzikohl.fr\/Actu_Cie\/wp-content\/uploads\/2020\/11\/DE-LA-MER-A-LA-MINE-MAZINGARBE-1973x2048.jpg 1973w\" sizes=\"(max-width: 987px) 100vw, 987px\" \/><\/figure>\n\n\n\n<figure class=\"wp-block-image size-large\"><img loading=\"lazy\" decoding=\"async\" width=\"720\" height=\"480\" src=\"http:\/\/www.muzikohl.fr\/Actu_Cie\/wp-content\/uploads\/2020\/11\/DE-LA-MER-A-LA-MINE-MAZINGARBE-2.jpg\" alt=\"\" class=\"wp-image-1367\" srcset=\"http:\/\/www.muzikohl.fr\/Actu_Cie\/wp-content\/uploads\/2020\/11\/DE-LA-MER-A-LA-MINE-MAZINGARBE-2.jpg 720w, http:\/\/www.muzikohl.fr\/Actu_Cie\/wp-content\/uploads\/2020\/11\/DE-LA-MER-A-LA-MINE-MAZINGARBE-2-300x200.jpg 300w, http:\/\/www.muzikohl.fr\/Actu_Cie\/wp-content\/uploads\/2020\/11\/DE-LA-MER-A-LA-MINE-MAZINGARBE-2-450x300.jpg 450w\" sizes=\"(max-width: 720px) 100vw, 720px\" \/><\/figure>\n","protected":false},"excerpt":{"rendered":"<p>\u00ab DE LA MER A LA MINE\u00bb Con\u00e7u comme un voyage initiatique de la COTE D\u2019OPALE aux terrils du PAS-DE-CALAIS, nos deux \u00e9nergum\u00e8nes racontent la R\u00e9gion en chanson et vous proposent le portrait des chanteurs qui l\u2019ont o\u00f9 la font &hellip; <a href=\"http:\/\/www.muzikohl.fr\/Actu_Cie\/les-zharengueur\/\">Continuer la lecture <span class=\"meta-nav\">&rarr;<\/span><\/a><\/p>\n","protected":false},"author":1,"featured_media":0,"parent":0,"menu_order":0,"comment_status":"closed","ping_status":"closed","template":"sidebar-page.php","meta":{"ngg_post_thumbnail":0,"footnotes":""},"_links":{"self":[{"href":"http:\/\/www.muzikohl.fr\/Actu_Cie\/wp-json\/wp\/v2\/pages\/80"}],"collection":[{"href":"http:\/\/www.muzikohl.fr\/Actu_Cie\/wp-json\/wp\/v2\/pages"}],"about":[{"href":"http:\/\/www.muzikohl.fr\/Actu_Cie\/wp-json\/wp\/v2\/types\/page"}],"author":[{"embeddable":true,"href":"http:\/\/www.muzikohl.fr\/Actu_Cie\/wp-json\/wp\/v2\/users\/1"}],"replies":[{"embeddable":true,"href":"http:\/\/www.muzikohl.fr\/Actu_Cie\/wp-json\/wp\/v2\/comments?post=80"}],"version-history":[{"count":23,"href":"http:\/\/www.muzikohl.fr\/Actu_Cie\/wp-json\/wp\/v2\/pages\/80\/revisions"}],"predecessor-version":[{"id":1016,"href":"http:\/\/www.muzikohl.fr\/Actu_Cie\/wp-json\/wp\/v2\/pages\/80\/revisions\/1016"}],"wp:attachment":[{"href":"http:\/\/www.muzikohl.fr\/Actu_Cie\/wp-json\/wp\/v2\/media?parent=80"}],"curies":[{"name":"wp","href":"https:\/\/api.w.org\/{rel}","templated":true}]}}

<p style="text-align: center;"><strong>« DE LA MER A LA MINE»</strong></p>
<p><a href="http://www.muzikohl.fr/Actu_Cie/wp-content/uploads/2019/04/DE-LA-MER-A-LA-MINE-13.jpg" title="" rel="lightbox80"><img loading="lazy" decoding="async" class="aligncenter size-full wp-image-1147" src="http://www.muzikohl.fr/Actu_Cie/wp-content/uploads/2019/04/DE-LA-MER-A-LA-MINE-13.jpg" alt="" width="252" height="226"></a></p>
<p>Conçu comme un voyage initiatique de la COTE D’OPALE aux terrils du PAS-DE-CALAIS, nos deux énergumènes racontent la Région en chanson et vous proposent le portrait des chanteurs qui l’ont où la font briller.</p>
<p>Chansons de marins, chansons carnavalesques, chansons des Flandres, chansons patoisantes ou chansons du bassin minier, autant de chansons que de portraits de ceux qui les ont portées&nbsp;: RAOUL DE GODEWARSVELDE, JACQUES YVART, LES PROUT, WILLIAM SCHOTTE, RONNY COUTTEURE, DESROUSSEAUX, EDMOND TANIERE, SIMON COLLIEZ, PIERRE BACHELET, MARCEL ET SON ORCHESTRE, LES CAPENOULES…</p>
<p>L’occasion de découvrir ou de redécouvrir le patrimoine chansonnesque de notre Région, ses chansons, ses chanteurs, ses patois tout au long de ce récital.</p>
<p>Mais comme on se sent moins seul quand on est accompagné, nos deux compères proposent de partager la scène avec une harmonie ou une chorale existante ou constituée pour l’occasion comme ce fut le cas pour la première représentation à WINGLES en mars 2019</p>
<p><strong>DELA MER A LA MINE a été &nbsp;présenté à GRENAY accompagné d&rsquo;une chorale et de l&rsquo;harmonie municipale de GRENAY à L&rsquo;ESPACE CULTUREL RONNY&nbsp;COUTEURE &nbsp;en mars 2022</strong></p>
<p><strong><u>DISTRIBUTION</u></strong></p>
<p><strong>BERNARD DEBREYNE au chant et à la Mise en scène</strong></p>
<p><strong>REGIS BERTEIN au chant, au piano, à la Mise en choeur et Mise en harmonie &nbsp; &nbsp; &nbsp; &nbsp; &nbsp; &nbsp; &nbsp; &nbsp; &nbsp; &nbsp; &nbsp; &nbsp; &nbsp; &nbsp; &nbsp; &nbsp; &nbsp; &nbsp; &nbsp; &nbsp; &nbsp; &nbsp; &nbsp; &nbsp; &nbsp; &nbsp; &nbsp; &nbsp; &nbsp; &nbsp; &nbsp; &nbsp; &nbsp; &nbsp; &nbsp; &nbsp;</strong></p>
<p>&nbsp;</p>


<p><strong>DE LA MER A LA MINE </strong>  a  été présenté dans sa petite forme  :  </p>



<p><strong>A L&rsquo;ESTAMINET-MEDIATHEQUE DE GRENAY- FÊTE DU LIVRE </strong></p>



<p><strong> EN PLEIN AIR-FÊTES DU PATRIMOINE DE MAZINGARBE</strong></p>



<figure class="wp-block-image size-large"><img loading="lazy" decoding="async" width="987" height="1024" src="http://www.muzikohl.fr/Actu_Cie/wp-content/uploads/2020/11/DE-LA-MER-A-LA-MINE-MAZINGARBE-987x1024.jpg" alt="" class="wp-image-1366" srcset="http://www.muzikohl.fr/Actu_Cie/wp-content/uploads/2020/11/DE-LA-MER-A-LA-MINE-MAZINGARBE-987x1024.jpg 987w, http://www.muzikohl.fr/Actu_Cie/wp-content/uploads/2020/11/DE-LA-MER-A-LA-MINE-MAZINGARBE-289x300.jpg 289w, http://www.muzikohl.fr/Actu_Cie/wp-content/uploads/2020/11/DE-LA-MER-A-LA-MINE-MAZINGARBE-768x797.jpg 768w, http://www.muzikohl.fr/Actu_Cie/wp-content/uploads/2020/11/DE-LA-MER-A-LA-MINE-MAZINGARBE-1480x1536.jpg 1480w, http://www.muzikohl.fr/Actu_Cie/wp-content/uploads/2020/11/DE-LA-MER-A-LA-MINE-MAZINGARBE-1973x2048.jpg 1973w" sizes="(max-width: 987px) 100vw, 987px" /></figure>



<figure class="wp-block-image size-large"><img loading="lazy" decoding="async" width="720" height="480" src="http://www.muzikohl.fr/Actu_Cie/wp-content/uploads/2020/11/DE-LA-MER-A-LA-MINE-MAZINGARBE-2.jpg" alt="" class="wp-image-1367" srcset="http://www.muzikohl.fr/Actu_Cie/wp-content/uploads/2020/11/DE-LA-MER-A-LA-MINE-MAZINGARBE-2.jpg 720w, http://www.muzikohl.fr/Actu_Cie/wp-content/uploads/2020/11/DE-LA-MER-A-LA-MINE-MAZINGARBE-2-300x200.jpg 300w, http://www.muzikohl.fr/Actu_Cie/wp-content/uploads/2020/11/DE-LA-MER-A-LA-MINE-MAZINGARBE-2-450x300.jpg 450w" sizes="(max-width: 720px) 100vw, 720px" /></figure>

<p>« DE LA MER A LA MINE» Conçu comme un voyage initiatique de la COTE D’OPALE aux terrils du PAS-DE-CALAIS, nos deux énergumènes racontent la Région en chanson et vous proposent le portrait des chanteurs qui l’ont où la font &hellip; <a href="http://www.muzikohl.fr/Actu_Cie/les-zharengueur/">Continuer la lecture <span class="meta-nav">&rarr;</span></a></p>
