{"id":919,"date":"2016-03-10T16:42:19","date_gmt":"2016-03-10T16:42:19","guid":{"rendered":"http:\/\/www.muzikohl.fr\/Actu_Cie\/?page_id=919"},"modified":"2020-11-23T11:47:17","modified_gmt":"2020-11-23T11:47:17","slug":"cartes-postales","status":"publish","type":"page","link":"https:\/\/www.muzikohl.fr\/Actu_Cie\/cartes-postales\/","title":{"rendered":"SOUVENIRS EN SC\u00c8NE"},"content":{"rendered":"<p style=\"text-align: left;\">LA COMPAGNIE MUZIK\u00d4HL vous propose &nbsp;de partir \u00e0 la recherche de vos souvenirs avec un groupe d&rsquo;amateur, BERNARD DEBREYNE &nbsp;redonne vie aux souvenirs de bistrot ,de f\u00eates ou de village Pendant plusieurs s\u00e9ances, un groupe d&rsquo;amateurs se retrouve en compagnie de BERNARD DEBREYNE com\u00e9dien chanteur &nbsp;pour fouiller dans leur m\u00e9moire et accoucher d&rsquo;un spectacle o\u00f9 se se m\u00ealent textes et &nbsp;chansons (reprises et cr\u00e9ations)<\/p>\n<p>c&rsquo;est \u00e0 LILLE SUD en janvier 2020 qu&rsquo;ont \u00e9t\u00e9 pr\u00e9sent\u00e9s les souvenirs de f\u00eates de la troupe THE\u00c2TRE POUR TOUS et de l&rsquo;association PAROLES D&rsquo;HABITANTS<\/p>\n<p><a href=\"http:\/\/www.muzikohl.fr\/Actu_Cie\/wp-content\/uploads\/2019\/12\/BISTROTS-LILLE-SUD-FlyerA6-02-1.jpg\" title=\"\" rel=\"lightbox919\"><img loading=\"lazy\" decoding=\"async\" class=\"aligncenter size-large wp-image-1241\" src=\"http:\/\/www.muzikohl.fr\/Actu_Cie\/wp-content\/uploads\/2019\/12\/BISTROTS-LILLE-SUD-FlyerA6-02-1.jpg\" alt=\"\" width=\"496\" height=\"699\" srcset=\"https:\/\/www.muzikohl.fr\/Actu_Cie\/wp-content\/uploads\/2019\/12\/BISTROTS-LILLE-SUD-FlyerA6-02-1.jpg 496w, https:\/\/www.muzikohl.fr\/Actu_Cie\/wp-content\/uploads\/2019\/12\/BISTROTS-LILLE-SUD-FlyerA6-02-1-213x300.jpg 213w\" sizes=\"(max-width: 496px) 100vw, 496px\" \/><\/a> <a href=\"http:\/\/www.muzikohl.fr\/Actu_Cie\/wp-content\/uploads\/2019\/12\/BISTROTS-LILLE-SUD-FlyerA6-02-2.jpg\" title=\"\" rel=\"lightbox919\"><img loading=\"lazy\" decoding=\"async\" class=\"aligncenter size-full wp-image-1242\" src=\"http:\/\/www.muzikohl.fr\/Actu_Cie\/wp-content\/uploads\/2019\/12\/BISTROTS-LILLE-SUD-FlyerA6-02-2.jpg\" alt=\"\" width=\"496\" height=\"699\" srcset=\"https:\/\/www.muzikohl.fr\/Actu_Cie\/wp-content\/uploads\/2019\/12\/BISTROTS-LILLE-SUD-FlyerA6-02-2.jpg 496w, https:\/\/www.muzikohl.fr\/Actu_Cie\/wp-content\/uploads\/2019\/12\/BISTROTS-LILLE-SUD-FlyerA6-02-2-213x300.jpg 213w\" sizes=\"(max-width: 496px) 100vw, 496px\" \/><\/a><\/p>\n<p>En 2016 c&rsquo;est \u00e0 HERZEELE qu&rsquo;ont ressurgi les souvenirs des habitants pour UNE CARTE POSTALE DU VILLAGE en sc\u00e8ne<\/p>\n<p><strong><a href=\"http:\/\/www.muzikohl.fr\/Actu_Cie\/wp-content\/uploads\/2016\/03\/carte-postale-herzeele.jpg\" title=\"carte postale herzeele\" rel=\"lightbox919\"><img loading=\"lazy\" decoding=\"async\" class=\"aligncenter size-large wp-image-951\" src=\"http:\/\/www.muzikohl.fr\/Actu_Cie\/wp-content\/uploads\/2016\/03\/carte-postale-herzeele-768x1024.jpg\" alt=\"carte postale herzeele\" width=\"584\" height=\"779\" srcset=\"https:\/\/www.muzikohl.fr\/Actu_Cie\/wp-content\/uploads\/2016\/03\/carte-postale-herzeele-768x1024.jpg 768w, https:\/\/www.muzikohl.fr\/Actu_Cie\/wp-content\/uploads\/2016\/03\/carte-postale-herzeele-225x300.jpg 225w\" sizes=\"(max-width: 584px) 100vw, 584px\" \/><\/a><br><\/strong><\/p>\n\n\n<p>D\u00e9but 2018 \u00e0 REXPOEDE ce sont les souvenirs de bistrot des villageois qui ont emmerg\u00e9  dans SOUVENIRS DE BISTROTS<\/p>\n\n\n\n<figure class=\"wp-block-image\"><img loading=\"lazy\" decoding=\"async\" width=\"724\" height=\"1024\" src=\"http:\/\/www.muzikohl.fr\/Actu_Cie\/wp-content\/uploads\/2019\/04\/BISTROTS-web-3-1-724x1024.jpg\" alt=\"\" class=\"wp-image-1184\" srcset=\"https:\/\/www.muzikohl.fr\/Actu_Cie\/wp-content\/uploads\/2019\/04\/BISTROTS-web-3-1-724x1024.jpg 724w, https:\/\/www.muzikohl.fr\/Actu_Cie\/wp-content\/uploads\/2019\/04\/BISTROTS-web-3-1-212x300.jpg 212w, https:\/\/www.muzikohl.fr\/Actu_Cie\/wp-content\/uploads\/2019\/04\/BISTROTS-web-3-1-768x1086.jpg 768w, https:\/\/www.muzikohl.fr\/Actu_Cie\/wp-content\/uploads\/2019\/04\/BISTROTS-web-3-1.jpg 787w\" sizes=\"(max-width: 724px) 100vw, 724px\" \/><\/figure>\n\n\n\n<p>Au cours de l&rsquo;\u00e9t\u00e9 2018 les souvenirs de f\u00eates se sont d\u00e9voil\u00e9s lors de                                        NOS JOURS HEUREUX A MERICOURT AU BISTROC DE LA GARE<\/p>\n\n\n\n<figure class=\"wp-block-image\"><img loading=\"lazy\" decoding=\"async\" width=\"724\" height=\"1024\" src=\"http:\/\/www.muzikohl.fr\/Actu_Cie\/wp-content\/uploads\/2019\/04\/BISTROC-web-724x1024.jpg\" alt=\"\" class=\"wp-image-1185\" srcset=\"https:\/\/www.muzikohl.fr\/Actu_Cie\/wp-content\/uploads\/2019\/04\/BISTROC-web-724x1024.jpg 724w, https:\/\/www.muzikohl.fr\/Actu_Cie\/wp-content\/uploads\/2019\/04\/BISTROC-web-212x300.jpg 212w, https:\/\/www.muzikohl.fr\/Actu_Cie\/wp-content\/uploads\/2019\/04\/BISTROC-web-768x1086.jpg 768w, https:\/\/www.muzikohl.fr\/Actu_Cie\/wp-content\/uploads\/2019\/04\/BISTROC-web.jpg 787w\" sizes=\"(max-width: 724px) 100vw, 724px\" \/><\/figure>\n\n\n\n<p>en attendant les prochains SOUVENIRS EN SC\u00c8NE &#8230;.<\/p>\n","protected":false},"excerpt":{"rendered":"<p>LA COMPAGNIE MUZIK\u00d4HL vous propose &nbsp;de partir \u00e0 la recherche de vos souvenirs avec un groupe d&rsquo;amateur, BERNARD DEBREYNE &nbsp;redonne vie aux souvenirs de bistrot ,de f\u00eates ou de village Pendant plusieurs s\u00e9ances, un groupe d&rsquo;amateurs se retrouve en compagnie &hellip; <a href=\"https:\/\/www.muzikohl.fr\/Actu_Cie\/cartes-postales\/\">Continuer la lecture <span class=\"meta-nav\">&rarr;<\/span><\/a><\/p>\n","protected":false},"author":1,"featured_media":0,"parent":0,"menu_order":0,"comment_status":"closed","ping_status":"closed","template":"","meta":{"ngg_post_thumbnail":0,"footnotes":""},"_links":{"self":[{"href":"https:\/\/www.muzikohl.fr\/Actu_Cie\/wp-json\/wp\/v2\/pages\/919"}],"collection":[{"href":"https:\/\/www.muzikohl.fr\/Actu_Cie\/wp-json\/wp\/v2\/pages"}],"about":[{"href":"https:\/\/www.muzikohl.fr\/Actu_Cie\/wp-json\/wp\/v2\/types\/page"}],"author":[{"embeddable":true,"href":"https:\/\/www.muzikohl.fr\/Actu_Cie\/wp-json\/wp\/v2\/users\/1"}],"replies":[{"embeddable":true,"href":"https:\/\/www.muzikohl.fr\/Actu_Cie\/wp-json\/wp\/v2\/comments?post=919"}],"version-history":[{"count":15,"href":"https:\/\/www.muzikohl.fr\/Actu_Cie\/wp-json\/wp\/v2\/pages\/919\/revisions"}],"predecessor-version":[{"id":1243,"href":"https:\/\/www.muzikohl.fr\/Actu_Cie\/wp-json\/wp\/v2\/pages\/919\/revisions\/1243"}],"wp:attachment":[{"href":"https:\/\/www.muzikohl.fr\/Actu_Cie\/wp-json\/wp\/v2\/media?parent=919"}],"curies":[{"name":"wp","href":"https:\/\/api.w.org\/{rel}","templated":true}]}}